{"id":2508,"date":"2016-03-09T06:02:55","date_gmt":"2016-03-09T06:02:55","guid":{"rendered":"https:\/\/demo2.chethemes.com\/electro\/?page_id=2508"},"modified":"2024-05-01T01:37:07","modified_gmt":"2024-04-30T23:37:07","slug":"kontakt","status":"publish","type":"page","link":"https:\/\/mivgo.pl\/sklep\/kontakt\/","title":{"rendered":"Kontakt"},"content":{"rendered":"<section class=\"wpb-content-wrapper\"><p>[vc_row][vc_column width=&#8221;3\/4&#8243; el_class=&#8221;contact-form&#8221;][vc_column_text]<\/p>\n<h2 class=\"contact-page-title\">Zostaw nam wiadomo\u015b\u0107<\/h2>\n<p>Masz pytania. Szukasz odpowiedzi. Chcesz nawi\u0105za\u0107 wsp\u00f3\u0142prac\u0119. Napisz do nas.[\/vc_column_text][\/vc_column][vc_column width=&#8221;1\/4&#8243; el_class=&#8221;store-info&#8221;][vc_column_text]<\/p>\n<h2 class=\"contact-page-title\">Siedziba sp\u00f3\u0142ki<\/h2>\n<address>MIVGO sp. z o.o.<br \/>\nul. Bpa A. Baranuskasa 4\/24<br \/>\n81-577 Gdynia<br \/>\nPolska<\/address>\n<address>NIP: 9581730850<\/address>\n<address>REGON: 524252078<\/address>\n<address>KRS: 0001013914<\/address>\n<h3>Godziny kontaktu<\/h3>\n<ul class=\"list-unstyled operation-hours inner-right-md\">\n<li class=\"clearfix\"><span class=\"day\">Poniedzia\u0142ek: <\/span><span class=\"pull-right flip hours\">8:00-20:00<\/span><\/li>\n<li><span class=\"day\">Wtorek: <\/span><span class=\"pull-right flip hours\">8:00-20:00<\/span><\/li>\n<li><span class=\"day\">\u015aroda: <\/span><span class=\"pull-right flip hours\">8:00-20:00<\/span><\/li>\n<li><span class=\"day\">Czwartek: <\/span><span class=\"pull-right flip hours\">8:00-20:00<\/span><\/li>\n<li><span class=\"day\">Pi\u0105tek: <\/span><span class=\"pull-right flip hours\">8:00-20:00<\/span><\/li>\n<li><span class=\"day\">Sobota: <\/span><span class=\"pull-right flip hours\">8:00-15:00<\/span><\/li>\n<li>Niedziela: odpoczywamy<\/li>\n<\/ul>\n<h3>Kariera<\/h3>\n<p class=\"inner-right-md\">Je\u015bli jeste\u015b zainteresowany mo\u017cliwo\u015bciami zatrudnienia w MIVGO, napisz do nas: biuro@mivgo.pl<\/p>\n<p>[\/vc_column_text][\/vc_column][\/vc_row]<\/p>\n<\/section>","protected":false},"excerpt":{"rendered":"<p>[vc_row][vc_column width=&#8221;3\/4&#8243; el_class=&#8221;contact-form&#8221;][vc_column_text] Zostaw nam wiadomo\u015b\u0107 Masz pytania. Szukasz odpowiedzi. Chcesz nawi\u0105za\u0107 wsp\u00f3\u0142prac\u0119. Napisz do nas.[\/vc_column_text][\/vc_column][vc_column width=&#8221;1\/4&#8243; el_class=&#8221;store-info&#8221;][vc_column_text] Siedziba sp\u00f3\u0142ki MIVGO sp. z o.o. ul. Bpa A. Baranuskasa 4\/24 81-577<\/p>\n","protected":false},"author":1,"featured_media":0,"parent":0,"menu_order":0,"comment_status":"closed","ping_status":"closed","template":"","meta":{"_acf_changed":false,"footnotes":""},"class_list":["post-2508","page","type-page","status-publish","hentry"],"acf":[],"yoast_head":"<!-- This site is optimized with the Yoast SEO plugin v27.2 - https:\/\/yoast.com\/product\/yoast-seo-wordpress\/ -->\n<title>Kontakt - mivgo.pl<\/title>\n<meta name=\"robots\" content=\"index, follow, max-snippet:-1, max-image-preview:large, max-video-preview:-1\" \/>\n<link rel=\"canonical\" href=\"https:\/\/mivgo.pl\/sklep\/kontakt\/\" \/>\n<meta property=\"og:locale\" content=\"pl_PL\" \/>\n<meta property=\"og:type\" content=\"article\" \/>\n<meta property=\"og:title\" content=\"Kontakt - mivgo.pl\" \/>\n<meta property=\"og:description\" content=\"[vc_row][vc_column width=&#8221;3\/4&#8243; el_class=&#8221;contact-form&#8221;][vc_column_text] Zostaw nam wiadomo\u015b\u0107 Masz pytania. Szukasz odpowiedzi. Chcesz nawi\u0105za\u0107 wsp\u00f3\u0142prac\u0119. Napisz do nas.[\/vc_column_text][\/vc_column][vc_column width=&#8221;1\/4&#8243; el_class=&#8221;store-info&#8221;][vc_column_text] Siedziba sp\u00f3\u0142ki MIVGO sp. z o.o. ul. Bpa A. Baranuskasa 4\/24 81-577\" \/>\n<meta property=\"og:url\" content=\"https:\/\/mivgo.pl\/sklep\/kontakt\/\" \/>\n<meta property=\"og:site_name\" content=\"mivgo.pl\" \/>\n<meta property=\"article:modified_time\" content=\"2024-04-30T23:37:07+00:00\" \/>\n<meta name=\"twitter:card\" content=\"summary_large_image\" \/>\n<meta name=\"twitter:label1\" content=\"Szacowany czas czytania\" \/>\n\t<meta name=\"twitter:data1\" content=\"1 minuta\" \/>\n<script type=\"application\/ld+json\" class=\"yoast-schema-graph\">{\"@context\":\"https:\/\/schema.org\",\"@graph\":[{\"@type\":\"WebPage\",\"@id\":\"https:\/\/mivgo.pl\/sklep\/kontakt\/\",\"url\":\"https:\/\/mivgo.pl\/sklep\/kontakt\/\",\"name\":\"Kontakt - mivgo.pl\",\"isPartOf\":{\"@id\":\"https:\/\/mivgo.pl\/sklep\/#website\"},\"datePublished\":\"2016-03-09T06:02:55+00:00\",\"dateModified\":\"2024-04-30T23:37:07+00:00\",\"breadcrumb\":{\"@id\":\"https:\/\/mivgo.pl\/sklep\/kontakt\/#breadcrumb\"},\"inLanguage\":\"pl-PL\",\"potentialAction\":[{\"@type\":\"ReadAction\",\"target\":[\"https:\/\/mivgo.pl\/sklep\/kontakt\/\"]}]},{\"@type\":\"BreadcrumbList\",\"@id\":\"https:\/\/mivgo.pl\/sklep\/kontakt\/#breadcrumb\",\"itemListElement\":[{\"@type\":\"ListItem\",\"position\":1,\"name\":\"Strona g\u0142\u00f3wna\",\"item\":\"https:\/\/mivgo.pl\/sklep\/\"},{\"@type\":\"ListItem\",\"position\":2,\"name\":\"Kontakt\"}]},{\"@type\":\"WebSite\",\"@id\":\"https:\/\/mivgo.pl\/sklep\/#website\",\"url\":\"https:\/\/mivgo.pl\/sklep\/\",\"name\":\"mivgo.pl\",\"description\":\"\",\"publisher\":{\"@id\":\"https:\/\/mivgo.pl\/sklep\/#organization\"},\"potentialAction\":[{\"@type\":\"SearchAction\",\"target\":{\"@type\":\"EntryPoint\",\"urlTemplate\":\"https:\/\/mivgo.pl\/sklep\/?s={search_term_string}\"},\"query-input\":{\"@type\":\"PropertyValueSpecification\",\"valueRequired\":true,\"valueName\":\"search_term_string\"}}],\"inLanguage\":\"pl-PL\"},{\"@type\":\"Organization\",\"@id\":\"https:\/\/mivgo.pl\/sklep\/#organization\",\"name\":\"MIVGO sp. z o.o.\",\"alternateName\":\"MIVGO\",\"url\":\"https:\/\/mivgo.pl\/sklep\/\",\"logo\":{\"@type\":\"ImageObject\",\"inLanguage\":\"pl-PL\",\"@id\":\"https:\/\/mivgo.pl\/sklep\/#\/schema\/logo\/image\/\",\"url\":\"https:\/\/mivgo.pl\/sklep\/wp-content\/uploads\/2023\/04\/logo-Mivgo.png\",\"contentUrl\":\"https:\/\/mivgo.pl\/sklep\/wp-content\/uploads\/2023\/04\/logo-Mivgo.png\",\"width\":700,\"height\":700,\"caption\":\"MIVGO sp. z o.o.\"},\"image\":{\"@id\":\"https:\/\/mivgo.pl\/sklep\/#\/schema\/logo\/image\/\"}}]}<\/script>\n<!-- \/ Yoast SEO plugin. -->","yoast_head_json":{"title":"Kontakt - mivgo.pl","robots":{"index":"index","follow":"follow","max-snippet":"max-snippet:-1","max-image-preview":"max-image-preview:large","max-video-preview":"max-video-preview:-1"},"canonical":"https:\/\/mivgo.pl\/sklep\/kontakt\/","og_locale":"pl_PL","og_type":"article","og_title":"Kontakt - mivgo.pl","og_description":"[vc_row][vc_column width=&#8221;3\/4&#8243; el_class=&#8221;contact-form&#8221;][vc_column_text] Zostaw nam wiadomo\u015b\u0107 Masz pytania. Szukasz odpowiedzi. Chcesz nawi\u0105za\u0107 wsp\u00f3\u0142prac\u0119. Napisz do nas.[\/vc_column_text][\/vc_column][vc_column width=&#8221;1\/4&#8243; el_class=&#8221;store-info&#8221;][vc_column_text] Siedziba sp\u00f3\u0142ki MIVGO sp. z o.o. ul. Bpa A. Baranuskasa 4\/24 81-577","og_url":"https:\/\/mivgo.pl\/sklep\/kontakt\/","og_site_name":"mivgo.pl","article_modified_time":"2024-04-30T23:37:07+00:00","twitter_card":"summary_large_image","twitter_misc":{"Szacowany czas czytania":"1 minuta"},"schema":{"@context":"https:\/\/schema.org","@graph":[{"@type":"WebPage","@id":"https:\/\/mivgo.pl\/sklep\/kontakt\/","url":"https:\/\/mivgo.pl\/sklep\/kontakt\/","name":"Kontakt - mivgo.pl","isPartOf":{"@id":"https:\/\/mivgo.pl\/sklep\/#website"},"datePublished":"2016-03-09T06:02:55+00:00","dateModified":"2024-04-30T23:37:07+00:00","breadcrumb":{"@id":"https:\/\/mivgo.pl\/sklep\/kontakt\/#breadcrumb"},"inLanguage":"pl-PL","potentialAction":[{"@type":"ReadAction","target":["https:\/\/mivgo.pl\/sklep\/kontakt\/"]}]},{"@type":"BreadcrumbList","@id":"https:\/\/mivgo.pl\/sklep\/kontakt\/#breadcrumb","itemListElement":[{"@type":"ListItem","position":1,"name":"Strona g\u0142\u00f3wna","item":"https:\/\/mivgo.pl\/sklep\/"},{"@type":"ListItem","position":2,"name":"Kontakt"}]},{"@type":"WebSite","@id":"https:\/\/mivgo.pl\/sklep\/#website","url":"https:\/\/mivgo.pl\/sklep\/","name":"mivgo.pl","description":"","publisher":{"@id":"https:\/\/mivgo.pl\/sklep\/#organization"},"potentialAction":[{"@type":"SearchAction","target":{"@type":"EntryPoint","urlTemplate":"https:\/\/mivgo.pl\/sklep\/?s={search_term_string}"},"query-input":{"@type":"PropertyValueSpecification","valueRequired":true,"valueName":"search_term_string"}}],"inLanguage":"pl-PL"},{"@type":"Organization","@id":"https:\/\/mivgo.pl\/sklep\/#organization","name":"MIVGO sp. z o.o.","alternateName":"MIVGO","url":"https:\/\/mivgo.pl\/sklep\/","logo":{"@type":"ImageObject","inLanguage":"pl-PL","@id":"https:\/\/mivgo.pl\/sklep\/#\/schema\/logo\/image\/","url":"https:\/\/mivgo.pl\/sklep\/wp-content\/uploads\/2023\/04\/logo-Mivgo.png","contentUrl":"https:\/\/mivgo.pl\/sklep\/wp-content\/uploads\/2023\/04\/logo-Mivgo.png","width":700,"height":700,"caption":"MIVGO sp. z o.o."},"image":{"@id":"https:\/\/mivgo.pl\/sklep\/#\/schema\/logo\/image\/"}}]}},"_links":{"self":[{"href":"https:\/\/mivgo.pl\/sklep\/wp-json\/wp\/v2\/pages\/2508","targetHints":{"allow":["GET"]}}],"collection":[{"href":"https:\/\/mivgo.pl\/sklep\/wp-json\/wp\/v2\/pages"}],"about":[{"href":"https:\/\/mivgo.pl\/sklep\/wp-json\/wp\/v2\/types\/page"}],"author":[{"embeddable":true,"href":"https:\/\/mivgo.pl\/sklep\/wp-json\/wp\/v2\/users\/1"}],"replies":[{"embeddable":true,"href":"https:\/\/mivgo.pl\/sklep\/wp-json\/wp\/v2\/comments?post=2508"}],"version-history":[{"count":6,"href":"https:\/\/mivgo.pl\/sklep\/wp-json\/wp\/v2\/pages\/2508\/revisions"}],"predecessor-version":[{"id":5613,"href":"https:\/\/mivgo.pl\/sklep\/wp-json\/wp\/v2\/pages\/2508\/revisions\/5613"}],"wp:attachment":[{"href":"https:\/\/mivgo.pl\/sklep\/wp-json\/wp\/v2\/media?parent=2508"}],"curies":[{"name":"wp","href":"https:\/\/api.w.org\/{rel}","templated":true}]}}