{"id":2505,"date":"2016-03-09T05:58:27","date_gmt":"2016-03-09T05:58:27","guid":{"rendered":"https:\/\/demo2.chethemes.com\/electro\/?page_id=2505"},"modified":"2023-04-09T13:32:36","modified_gmt":"2023-04-09T11:32:36","slug":"faq","status":"publish","type":"page","link":"https:\/\/mivgo.pl\/sklep\/faq\/","title":{"rendered":"FAQ"},"content":{"rendered":"<section class=\"wpb-content-wrapper\"><p>[vc_row][vc_column][vc_custom_heading text=&#8221;Informacje wysy\u0142kowe&#8221; font_container=&#8221;tag:h2|font_size:25px|text_align:left|color:%23434343&#8243; google_fonts=&#8221;font_family:Open%20Sans%3A300%2C300italic%2Cregular%2Citalic%2C600%2C600italic%2C700%2C700italic%2C800%2C800italic|font_style:400%20regular%3A400%3Anormal&#8221; el_class=&#8221;faq-page-title&#8221;][\/vc_column][\/vc_row][vc_row el_class=&#8221;inner-bottom-xs&#8221;][vc_column width=&#8221;1\/2&#8243;][vc_column_text]<\/p>\n<h3 class=\"faq-title\" style=\"text-align: left;\">Jakie metody wysy\u0142ki s\u0105 dost\u0119pne?<\/h3>\n<div class=\"text-content\">\n<p>Przesy\u0142ki do klient\u00f3w dostarczane s\u0105 przez kurier\u00f3w.<\/p>\n<p>Dla du\u017cych towar\u00f3w,, dostawa realizowana jest przy zastosowaniu przesy\u0142ek paletowych.<\/p>\n<p>O tym jaki jest mo\u017cliwy wyb\u00f3r dostawy i o jej kosztach dowiesz si\u0119 r\u00f3wnie\u017c przy sk\u0142adaniu zam\u00f3wienia.<\/p>\n<\/div>\n<p>[\/vc_column_text][\/vc_column][vc_column width=&#8221;1\/2&#8243;][vc_column_text]<\/p>\n<h3 class=\"faq-title\">Ile czasu zajmie dostarczenie paczki?<\/h3>\n<div class=\"text-content\">\n<p>Przesy\u0142ki kurierskie, wysy\u0142ane s\u0105 najcz\u0119\u015bciej nast\u0119pnego dnia roboczego. Oznacza to, \u017ce klient mo\u017ce spodziewa\u0107 si\u0119 dostawy w okolicach 2 dni, licz\u0105c od\u00a0 dnia zam\u00f3wienia.<\/p>\n<p>Przesy\u0142ki paletowe realizowane s\u0105 w czasie do 7 dni roboczych.<\/p>\n<\/div>\n<p>[\/vc_column_text][\/vc_column][\/vc_row][vc_row el_class=&#8221;inner-bottom&#8221;][vc_column width=&#8221;1\/2&#8243;][vc_column_text]<\/p>\n<h3 class=\"faq-title\">Jak mog\u0119 \u015bledzi\u0107 moje zam\u00f3wienie?<\/h3>\n<div class=\"text-content\">\n<p>Zam\u00f3wienie mo\u017cna \u015bledzi\u0107 poprzez nasz\u0105 stron\u0119. Informujemy o ka\u017cdym kroku post\u0119pu zam\u00f3wienia, poprzez wysy\u0142anie wiadomo\u015bci na adres poczty elektronicznej.<\/p>\n<\/div>\n<p>[\/vc_column_text][\/vc_column][vc_column width=&#8221;1\/2&#8243;][vc_column_text]<\/p>\n<h3 class=\"faq-title\">Czy potrzebuj\u0119 konta, aby z\u0142o\u017cy\u0107 zam\u00f3wienie??<\/h3>\n<div class=\"text-content\">\n<p>Nie. Cenimy Twoj\u0105 wole. Zach\u0119camy do za\u0142o\u017cenia konta, co przy\u015bpiesza kolejne zakupy, ale decyzja nale\u017cy do Ciebie.<\/p>\n<\/div>\n<p>[\/vc_column_text][\/vc_column][\/vc_row][vc_row][vc_column][vc_custom_heading text=&#8221;Wi\u0119cej odpowiedzi na cz\u0119ste pytania&#8221; font_container=&#8221;tag:h2|font_size:40px|text_align:center|color:%23434343&#8243; google_fonts=&#8221;font_family:Open%20Sans%3A300%2C300italic%2Cregular%2Citalic%2C600%2C600italic%2C700%2C700italic%2C800%2C800italic|font_style:400%20regular%3A400%3Anormal&#8221; css=&#8221;.vc_custom_1681040087972{margin-top: 30px !important;margin-bottom: 10px !important;}&#8221;][\/vc_column][\/vc_row][vc_row el_class=&#8221;inner-top-xs&#8221;][vc_column][vc_toggle title=&#8221;What Shipping Methods Are Available?&#8221; el_id=&#8221;1459864577831-bdb5bc1a-4a98&#8243;]In egestas, libero vitae scelerisque tristique, turpis augue faucibus dolor, at aliquet ligula massa at justo. Donec viverra tortor quis tortor pretium, in pretium risus finibus. Integer viverra pretium auctor. Aliquam eget convallis eros, varius sagittis nulla. Suspendisse potenti. Aenean consequat ex sit amet metus ultrices tristique. Nam ac nunc augue. Suspendisse finibus in dolor eget volutpat.[\/vc_toggle][vc_toggle title=&#8221;How Long Will it Take To Get My Package?&#8221; el_id=&#8221;1459864633996-9b7e4f16-199e&#8221;]In egestas, libero vitae scelerisque tristique, turpis augue faucibus dolor, at aliquet ligula massa at justo. Donec viverra tortor quis tortor pretium, in pretium risus finibus. Integer viverra pretium auctor. Aliquam eget convallis eros, varius sagittis nulla. Suspendisse potenti. Aenean consequat ex sit amet metus ultrices tristique. Nam ac nunc augue. Suspendisse finibus in dolor eget volutpat.[\/vc_toggle][vc_toggle title=&#8221;How Do I Track My Order?&#8221; el_id=&#8221;1459864665894-b82f7067-8407&#8243;]In egestas, libero vitae scelerisque tristique, turpis augue faucibus dolor, at aliquet ligula massa at justo. Donec viverra tortor quis tortor pretium, in pretium risus finibus. Integer viverra pretium auctor. Aliquam eget convallis eros, varius sagittis nulla. Suspendisse potenti. Aenean consequat ex sit amet metus ultrices tristique. Nam ac nunc augue. Suspendisse finibus in dolor eget volutpat.[\/vc_toggle][vc_toggle title=&#8221;How Do I Place an Order?&#8221; el_id=&#8221;1459864700197-4c554837-f084&#8243;]In egestas, libero vitae scelerisque tristique, turpis augue faucibus dolor, at aliquet ligula massa at justo. Donec viverra tortor quis tortor pretium, in pretium risus finibus. Integer viverra pretium auctor. Aliquam eget convallis eros, varius sagittis nulla. Suspendisse potenti. Aenean consequat ex sit amet metus ultrices tristique. Nam ac nunc augue. Suspendisse finibus in dolor eget volutpat.[\/vc_toggle][vc_toggle title=&#8221;How Should I to Contact if I Have Any Queries?&#8221; el_id=&#8221;1459864738156-c9e9af2d-48c9&#8243;]In egestas, libero vitae scelerisque tristique, turpis augue faucibus dolor, at aliquet ligula massa at justo. Donec viverra tortor quis tortor pretium, in pretium risus finibus. Integer viverra pretium auctor. Aliquam eget convallis eros, varius sagittis nulla. Suspendisse potenti. Aenean consequat ex sit amet metus ultrices tristique. Nam ac nunc augue. Suspendisse finibus in dolor eget volutpat.[\/vc_toggle][vc_toggle title=&#8221;Do I Need an Account to Place an Order?&#8221; el_id=&#8221;1459864765251-4a22323b-b290&#8243;]In egestas, libero vitae scelerisque tristique, turpis augue faucibus dolor, at aliquet ligula massa at justo. Donec viverra tortor quis tortor pretium, in pretium risus finibus. Integer viverra pretium auctor. Aliquam eget convallis eros, varius sagittis nulla. Suspendisse potenti. Aenean consequat ex sit amet metus ultrices tristique. Nam ac nunc augue. Suspendisse finibus in dolor eget volutpat.[\/vc_toggle][\/vc_column][\/vc_row]<\/p>\n<\/section>","protected":false},"excerpt":{"rendered":"<p>[vc_row][vc_column][vc_custom_heading text=&#8221;Informacje wysy\u0142kowe&#8221; font_container=&#8221;tag:h2|font_size:25px|text_align:left|color:%23434343&#8243; google_fonts=&#8221;font_family:Open%20Sans%3A300%2C300italic%2Cregular%2Citalic%2C600%2C600italic%2C700%2C700italic%2C800%2C800italic|font_style:400%20regular%3A400%3Anormal&#8221; el_class=&#8221;faq-page-title&#8221;][\/vc_column][\/vc_row][vc_row el_class=&#8221;inner-bottom-xs&#8221;][vc_column width=&#8221;1\/2&#8243;][vc_column_text] Jakie metody wysy\u0142ki s\u0105 dost\u0119pne? Przesy\u0142ki do klient\u00f3w dostarczane s\u0105 przez kurier\u00f3w. Dla du\u017cych towar\u00f3w,, dostawa realizowana jest przy zastosowaniu przesy\u0142ek paletowych.<\/p>\n","protected":false},"author":1,"featured_media":0,"parent":0,"menu_order":0,"comment_status":"closed","ping_status":"closed","template":"","meta":{"_acf_changed":false,"footnotes":""},"class_list":["post-2505","page","type-page","status-publish","hentry"],"acf":[],"yoast_head":"<!-- This site is optimized with the Yoast SEO plugin v27.2 - https:\/\/yoast.com\/product\/yoast-seo-wordpress\/ -->\n<title>FAQ - mivgo.pl<\/title>\n<meta name=\"robots\" content=\"index, follow, max-snippet:-1, max-image-preview:large, max-video-preview:-1\" \/>\n<link rel=\"canonical\" href=\"https:\/\/mivgo.pl\/sklep\/faq\/\" \/>\n<meta property=\"og:locale\" content=\"pl_PL\" \/>\n<meta property=\"og:type\" content=\"article\" \/>\n<meta property=\"og:title\" content=\"FAQ - mivgo.pl\" \/>\n<meta property=\"og:description\" content=\"[vc_row][vc_column][vc_custom_heading text=&#8221;Informacje wysy\u0142kowe&#8221; font_container=&#8221;tag:h2|font_size:25px|text_align:left|color:%23434343&#8243; google_fonts=&#8221;font_family:Open%20Sans%3A300%2C300italic%2Cregular%2Citalic%2C600%2C600italic%2C700%2C700italic%2C800%2C800italic|font_style:400%20regular%3A400%3Anormal&#8221; el_class=&#8221;faq-page-title&#8221;][\/vc_column][\/vc_row][vc_row el_class=&#8221;inner-bottom-xs&#8221;][vc_column width=&#8221;1\/2&#8243;][vc_column_text] Jakie metody wysy\u0142ki s\u0105 dost\u0119pne? Przesy\u0142ki do klient\u00f3w dostarczane s\u0105 przez kurier\u00f3w. Dla du\u017cych towar\u00f3w,, dostawa realizowana jest przy zastosowaniu przesy\u0142ek paletowych.\" \/>\n<meta property=\"og:url\" content=\"https:\/\/mivgo.pl\/sklep\/faq\/\" \/>\n<meta property=\"og:site_name\" content=\"mivgo.pl\" \/>\n<meta property=\"article:modified_time\" content=\"2023-04-09T11:32:36+00:00\" \/>\n<meta name=\"twitter:card\" content=\"summary_large_image\" \/>\n<meta name=\"twitter:label1\" content=\"Szacowany czas czytania\" \/>\n\t<meta name=\"twitter:data1\" content=\"4 minuty\" \/>\n<script type=\"application\/ld+json\" class=\"yoast-schema-graph\">{\"@context\":\"https:\/\/schema.org\",\"@graph\":[{\"@type\":\"WebPage\",\"@id\":\"https:\/\/mivgo.pl\/sklep\/faq\/\",\"url\":\"https:\/\/mivgo.pl\/sklep\/faq\/\",\"name\":\"FAQ - mivgo.pl\",\"isPartOf\":{\"@id\":\"https:\/\/mivgo.pl\/sklep\/#website\"},\"datePublished\":\"2016-03-09T05:58:27+00:00\",\"dateModified\":\"2023-04-09T11:32:36+00:00\",\"breadcrumb\":{\"@id\":\"https:\/\/mivgo.pl\/sklep\/faq\/#breadcrumb\"},\"inLanguage\":\"pl-PL\",\"potentialAction\":[{\"@type\":\"ReadAction\",\"target\":[\"https:\/\/mivgo.pl\/sklep\/faq\/\"]}]},{\"@type\":\"BreadcrumbList\",\"@id\":\"https:\/\/mivgo.pl\/sklep\/faq\/#breadcrumb\",\"itemListElement\":[{\"@type\":\"ListItem\",\"position\":1,\"name\":\"Strona g\u0142\u00f3wna\",\"item\":\"https:\/\/mivgo.pl\/sklep\/\"},{\"@type\":\"ListItem\",\"position\":2,\"name\":\"FAQ\"}]},{\"@type\":\"WebSite\",\"@id\":\"https:\/\/mivgo.pl\/sklep\/#website\",\"url\":\"https:\/\/mivgo.pl\/sklep\/\",\"name\":\"mivgo.pl\",\"description\":\"\",\"publisher\":{\"@id\":\"https:\/\/mivgo.pl\/sklep\/#organization\"},\"potentialAction\":[{\"@type\":\"SearchAction\",\"target\":{\"@type\":\"EntryPoint\",\"urlTemplate\":\"https:\/\/mivgo.pl\/sklep\/?s={search_term_string}\"},\"query-input\":{\"@type\":\"PropertyValueSpecification\",\"valueRequired\":true,\"valueName\":\"search_term_string\"}}],\"inLanguage\":\"pl-PL\"},{\"@type\":\"Organization\",\"@id\":\"https:\/\/mivgo.pl\/sklep\/#organization\",\"name\":\"MIVGO sp. z o.o.\",\"alternateName\":\"MIVGO\",\"url\":\"https:\/\/mivgo.pl\/sklep\/\",\"logo\":{\"@type\":\"ImageObject\",\"inLanguage\":\"pl-PL\",\"@id\":\"https:\/\/mivgo.pl\/sklep\/#\/schema\/logo\/image\/\",\"url\":\"https:\/\/mivgo.pl\/sklep\/wp-content\/uploads\/2023\/04\/logo-Mivgo.png\",\"contentUrl\":\"https:\/\/mivgo.pl\/sklep\/wp-content\/uploads\/2023\/04\/logo-Mivgo.png\",\"width\":700,\"height\":700,\"caption\":\"MIVGO sp. z o.o.\"},\"image\":{\"@id\":\"https:\/\/mivgo.pl\/sklep\/#\/schema\/logo\/image\/\"}}]}<\/script>\n<!-- \/ Yoast SEO plugin. -->","yoast_head_json":{"title":"FAQ - mivgo.pl","robots":{"index":"index","follow":"follow","max-snippet":"max-snippet:-1","max-image-preview":"max-image-preview:large","max-video-preview":"max-video-preview:-1"},"canonical":"https:\/\/mivgo.pl\/sklep\/faq\/","og_locale":"pl_PL","og_type":"article","og_title":"FAQ - mivgo.pl","og_description":"[vc_row][vc_column][vc_custom_heading text=&#8221;Informacje wysy\u0142kowe&#8221; font_container=&#8221;tag:h2|font_size:25px|text_align:left|color:%23434343&#8243; google_fonts=&#8221;font_family:Open%20Sans%3A300%2C300italic%2Cregular%2Citalic%2C600%2C600italic%2C700%2C700italic%2C800%2C800italic|font_style:400%20regular%3A400%3Anormal&#8221; el_class=&#8221;faq-page-title&#8221;][\/vc_column][\/vc_row][vc_row el_class=&#8221;inner-bottom-xs&#8221;][vc_column width=&#8221;1\/2&#8243;][vc_column_text] Jakie metody wysy\u0142ki s\u0105 dost\u0119pne? Przesy\u0142ki do klient\u00f3w dostarczane s\u0105 przez kurier\u00f3w. Dla du\u017cych towar\u00f3w,, dostawa realizowana jest przy zastosowaniu przesy\u0142ek paletowych.","og_url":"https:\/\/mivgo.pl\/sklep\/faq\/","og_site_name":"mivgo.pl","article_modified_time":"2023-04-09T11:32:36+00:00","twitter_card":"summary_large_image","twitter_misc":{"Szacowany czas czytania":"4 minuty"},"schema":{"@context":"https:\/\/schema.org","@graph":[{"@type":"WebPage","@id":"https:\/\/mivgo.pl\/sklep\/faq\/","url":"https:\/\/mivgo.pl\/sklep\/faq\/","name":"FAQ - mivgo.pl","isPartOf":{"@id":"https:\/\/mivgo.pl\/sklep\/#website"},"datePublished":"2016-03-09T05:58:27+00:00","dateModified":"2023-04-09T11:32:36+00:00","breadcrumb":{"@id":"https:\/\/mivgo.pl\/sklep\/faq\/#breadcrumb"},"inLanguage":"pl-PL","potentialAction":[{"@type":"ReadAction","target":["https:\/\/mivgo.pl\/sklep\/faq\/"]}]},{"@type":"BreadcrumbList","@id":"https:\/\/mivgo.pl\/sklep\/faq\/#breadcrumb","itemListElement":[{"@type":"ListItem","position":1,"name":"Strona g\u0142\u00f3wna","item":"https:\/\/mivgo.pl\/sklep\/"},{"@type":"ListItem","position":2,"name":"FAQ"}]},{"@type":"WebSite","@id":"https:\/\/mivgo.pl\/sklep\/#website","url":"https:\/\/mivgo.pl\/sklep\/","name":"mivgo.pl","description":"","publisher":{"@id":"https:\/\/mivgo.pl\/sklep\/#organization"},"potentialAction":[{"@type":"SearchAction","target":{"@type":"EntryPoint","urlTemplate":"https:\/\/mivgo.pl\/sklep\/?s={search_term_string}"},"query-input":{"@type":"PropertyValueSpecification","valueRequired":true,"valueName":"search_term_string"}}],"inLanguage":"pl-PL"},{"@type":"Organization","@id":"https:\/\/mivgo.pl\/sklep\/#organization","name":"MIVGO sp. z o.o.","alternateName":"MIVGO","url":"https:\/\/mivgo.pl\/sklep\/","logo":{"@type":"ImageObject","inLanguage":"pl-PL","@id":"https:\/\/mivgo.pl\/sklep\/#\/schema\/logo\/image\/","url":"https:\/\/mivgo.pl\/sklep\/wp-content\/uploads\/2023\/04\/logo-Mivgo.png","contentUrl":"https:\/\/mivgo.pl\/sklep\/wp-content\/uploads\/2023\/04\/logo-Mivgo.png","width":700,"height":700,"caption":"MIVGO sp. z o.o."},"image":{"@id":"https:\/\/mivgo.pl\/sklep\/#\/schema\/logo\/image\/"}}]}},"_links":{"self":[{"href":"https:\/\/mivgo.pl\/sklep\/wp-json\/wp\/v2\/pages\/2505","targetHints":{"allow":["GET"]}}],"collection":[{"href":"https:\/\/mivgo.pl\/sklep\/wp-json\/wp\/v2\/pages"}],"about":[{"href":"https:\/\/mivgo.pl\/sklep\/wp-json\/wp\/v2\/types\/page"}],"author":[{"embeddable":true,"href":"https:\/\/mivgo.pl\/sklep\/wp-json\/wp\/v2\/users\/1"}],"replies":[{"embeddable":true,"href":"https:\/\/mivgo.pl\/sklep\/wp-json\/wp\/v2\/comments?post=2505"}],"version-history":[{"count":5,"href":"https:\/\/mivgo.pl\/sklep\/wp-json\/wp\/v2\/pages\/2505\/revisions"}],"predecessor-version":[{"id":5475,"href":"https:\/\/mivgo.pl\/sklep\/wp-json\/wp\/v2\/pages\/2505\/revisions\/5475"}],"wp:attachment":[{"href":"https:\/\/mivgo.pl\/sklep\/wp-json\/wp\/v2\/media?parent=2505"}],"curies":[{"name":"wp","href":"https:\/\/api.w.org\/{rel}","templated":true}]}}